site number?
False
Is 441667 a composite number?
False
Is 1510279 a composite number?
False
Is 3299 a composite number?
False
Is 187333 prime?
False
Is 18385 composite?
True
Is 22189 prime?
True
Is 33523 a composite number?
True
Is 4369 a composite number?
True
Is 3607 prime?
True
Is 25477 composite?
True
Is 664291 a prime number?
False
Is 157931 composite?
False
Is 331763 composite?
True
Is 31345 composite?
True
Is 30269 a composite number?
False
Is 28009 prime?
False
Is 1382 composite?
True
Is 16249 composite?
False
Is 38271 a prime number?
False
Is 7831 a composite number?
True
Is 110771 a prime number?
True
Is 254557 a composite number?
False
Is 1849391 a prime number?
True
Is 52853 prime?
False
Is 12659 prime?
True
Is 3977 a prime number?
False
Is 66043 a composite number?
True
Is 85642 prime?
False
Is 198013 prime?
True
Is 223 composite?
False
Is 12929 a prime number?
False
Is 89753 composite?
False
Is 702671 composite?
False
Is 192461 composite?
False
Is 8311 composite?
False
Is 447527 a prime number?
True
Is 11863 prime?
True
Is 8761 prime?
True
Is 275021 a prime number?
False
Is 2053 prime?
True
Is 11141 a prime number?
False
Is 7753 prime?
True
Is 46006 a composite number?
True
Is 257731 a prime number?
True
Is 87573 a composite number?
True
Is 12689 a prime number?
True
Is 1015931 a prime number?
False
Is 31351 a composite number?
True
Is 339785 composite?
True
Is 9637 prime?
False
Is 143945 a composite number?
True
Is 38993 prime?
True
Is 28789 composite?
False
Is 12086 prime?
False
Is 19289 composite?
False
Is 8191 a composite number?
False
Is 14369 a composite number?
False
Is 17783 prime?
True
Is 35729 a composite number?
False
Is 163973 a prime number?
True
Is 7058 a prime number?
False
Is 1377463 composite?
True
Is 592531 prime?
True
Is 21859 a prime number?
True
Is 16157 a prime number?
False
Is 18833 composite?
True
Is 3031 composite?
True
Is 40091 prime?
False
Is 1841 a prime number?
False
Is 29833 a prime number?
True
Is 38953 a prime number?
True
Is 181721 prime?
True
Is 25703 composite?
False
Is 644267 a prime number?
False
Is 41333 composite?
False
Is 221297 a prime number?
False
Is 57979 composite?
True
Is 7183 composite?
True
Is 5318579 composite?
True
Is 27311 a prime number?
False
Is 279511 composite?
False
Is 5857 composite?
False
Is 55429 composite?
True
Is 875353 a prime number?
False
Is 7283 a composite number?
False
Is 1468631 a prime number?
True
Is 54539 a composite number?
False
Is 523759 a prime number?
True
Is 33249 a composite number?
True
Is 18661 a composite number?
False
Is 939823 a composite number?
False
Is 59369 a prime number?
True
Is 2759 composite?
True
Is 48851 a prime number?
False
Is 36961 a prime number?
False
Is 571187 a prime number?
False
Is 65137 composite?
True
Is 8899 a prime number?
False
Is 52489 composite?
False
Is 345179 a prime number?
False
Is 209881 a composite number?
True
Is 1636529 composite?
False
Is 454501 a composite number?
False
Is 252571 composite?
True
Is 22045 prime?
False
Is 179519 a composite number?
False
Is 4322 a prime number?
False
Is 6907 composite?
False
Is 177 a prime number?
False
Is 273311 a composite number?
False
Is 297649 composite?
True
Is 7379 a prime number?
False
Is 4091 composite?
False
Is 1087 a prime number?
True
Is 144559 prime?
False
Is 32491 a composite number?
False
Is 485105 a prime number?
False
Is 6239 a composite number?
True
Is 64969 composite?
False
Is 206749 composite?
False
Is 43213 a prime number?
False
Is 310306 a prime number?
False
Is 1465 prime?
False
Is 97523 prime?
True
Is 4918 prime?
False
Is 379081 a composite number?
False
Is 450197 a composite number?
True
Is 4271 prime?
True
Is 355 a prime number?
False
Is 15071 a prime number?
False
Is 178961 a prime number?
False
Is 172421 composite?
False
Is 5639 a prime number?
True
Is 6947 a prime number?
True
Is 4547 prime?
True
Is 15701 composite?
True
Is 338993 a composite number?
False
Is 162753 a composite number?
True
Is 4258 a composite number?
True
Is 1806613 composite?
True
Is 71387 a composite number?
False
Is 1400939 a composite number?
False
Is 100819 a composite number?
True
Is 229247 a prime number?
True
Is 140521 composite?
False
Is 96853 a prime number?
False
Is 499 a prime number?
True
Is 5380015 a prime number?
False
Is 914053 prime?
False
Is 167149 a prime number?
True
Is 128987 a prime number?
True
Is 77071 composite?
True
Is 97763 a prime number?
False
Is 1753 a prime number?
True
Is 112589 a composite number?
False
Is 83651 a prime number?
False
Is 150481 a prime number?
False
Is 1481527 prime?
True
Is 15227 composite?
False
Is 425939 prime?
True
Is 11081 a composite number?
True
Is 3067 composite?
False
Is 308989 prime?
True
Is 17521 prime?
False
Is 1281649 composite?
False
Is 4703 prime?
True
Is 396563 a prime number?
True
Is 6527 a composite number?
True
Is 2998703 a prime number?
False
Is 18779 a composite number?
True
Is 508631 composite?
True
Is 214495 prime?
False
Is 43517 a composite number?
False
Is 87157 a composite number?
True
Is 517 a composite number?
True
Is 2389 prime?
True
Is 1079 composite?
True
Is 163061 prime?
True
Is 144203 prime?
True
Is 143779 a prime number?
True
Is 4985 a prime number?
False
Is 1264709 composite?
True
Is 44483 prime?
True
Is 15539 a composite number?
True
Is 410899 prime?
True
Is 693839 composite?
True
Is 96113 composite?
True
Is 102191 composite?
False
Is 25219 a prime number?
True
Is 58759 a composite number?
True
Is 3403 a prime number?
False
Is 322501 prime?
True
Is 14981 prime?
False
Is 904726 a composite number?
True
Is 7781 a prime number?
False
Is 919 a composite number?
False
Is 16183 a prime number?
True
Is 216743 a prime number?
True
Is 67087 a composite number?
True
Is 1561837 prime?
False
Is 8059 prime?
True
Is 5139949 composite?
False
Is 21631 a prime number?
False
Is 348827 prime?
True
Is 109961 a prime number?
True
Is 10495 a composite number?
True
Is 369535 composite?
True
Is 8513 prime?
True
Is 11923 prime?
True
Is 176621 a composite number?
True
Is 199891 a composite number?
True
Is 1437 prime?
False
Is 246143 composite?
True
Is 30505 a composite number?
True
Is 34777 prime?
False
Is 66221 a prime number?
True
Is 210109 composite?
False
Is 56999 prime?
True
Is 633037 composite?
False
Is 1259 composite?
False
Is 176387 a composite number?
True
Is 20323 prime?
True
Is 8506 prime?
False
Is 180491 composite?
False
Is 51999 prime?
False
Is 37291 a composite number?
True
Is 1381857 a composite number?
True
Is 2321 prime?
False
Is 17291 prime?
True
Is 18933 prime?
False
Is 134727 a prime number?
False
Is 24989 a prime number?
True
Is 314953 a prime number?
True
Is 6068161 prime?
False
Is 113401 a prime number?
False
Is 8419 a prime number?
True
Is 5087 composite?
False
Is 6379 composite?
False
Is 25945 a prime number?
False
Is 326507 composite?
True
Is 2749 composite?
False
Is 269897 a prime number?
True
Is 17218 a composite number?
True
Is 1203 a composite number?
True
Is 3407 a composite number?
False
Is 310382 composite?
True
Is 1174319 prime?
True
Is 419702 composite?
True
Is 189307 a prime number?
True
Is 17693 a prime number?
False
Is 1145 a composite number?
True
Is 307 prime?
True
Is 859 a prime number?
True
Is 250949 a prime number?
True
Is 6421 a prime number?
True
Is 302249 composite?
True
Is 65479 composite?
False
Is 149269 a composite number?
False
Is 5471 prime?
True
Is 3491 a composite number?
False
Is 385789 prime?
False
Is 188999 prime?
True
Is 10289 composite?
False
Is 467 composite?
False
Is 4201 a prime number?
True
Is 15443 prime?
True
Is 39931 prime?
False
Is 51139 a prime number?
False
Is 629 a prime number?
False
Is 575551 a prime number?
True
Is 47303 a composite number?
False
Is 686213 a composite number?
True
Is 1198061 prime?
False
Is 500519 composite?
False
Is 10713 prime?
False
Is 482917 a composite number?
False
Is 100927 prime?
True
Is 26126 a prime number?
False
Is 57103 a prime number?
False
Is 47017 a prime number?
True
Is 18862 prime?
False
Is 2939 a prime number?
True
Is 21011 a prime number?
True
Is 263951 composite?
False
Is 95131 a composite number?
False
Is 1440895 a composite number?
True
Is 48221 prime?
True
Is 514333 prime?
True
Is 16051 a prime number?
False
Is 1